{"id":27,"date":"2025-03-19T10:28:00","date_gmt":"2025-03-19T10:28:00","guid":{"rendered":"https:\/\/vadetsvag.se\/?page_id=27"},"modified":"2026-03-27T10:41:03","modified_gmt":"2026-03-27T10:41:03","slug":"pa-gang","status":"publish","type":"page","link":"https:\/\/vadetsvag.se\/?page_id=27","title":{"rendered":"P\u00e5 g\u00e5ng"},"content":{"rendered":"\n<hr class=\"wp-block-separator has-alpha-channel-opacity is-style-wide\"\/>\n\n\n\n<div class=\"wp-block-columns is-layout-flex wp-container-core-columns-is-layout-28f84493 wp-block-columns-is-layout-flex\">\n<div class=\"wp-block-column is-layout-flow wp-block-column-is-layout-flow\">\n<div class=\"wp-block-columns is-layout-flex wp-container-core-columns-is-layout-28f84493 wp-block-columns-is-layout-flex\">\n<div class=\"wp-block-column is-layout-flow wp-block-column-is-layout-flow\">\n<h2 class=\"wp-block-heading\">\u00c5rsst\u00e4mma 2026<\/h2>\n<\/div>\n\n\n\n<div class=\"wp-block-column is-layout-flow wp-block-column-is-layout-flow\">\n<p class=\"has-text-align-right\">2026-03-27<\/p>\n<\/div>\n<\/div>\n\n\n\n<p>\u00c5rets st\u00e4mma h\u00e5lls torsdag 16 april, kl 18:30 i H\u00e4llingsj\u00f6 hus lokaler vid v\u00e4gsk\u00e4let Hagev\u00e4gen\/Lind\u00e5sv\u00e4gen\/Katrineforsliden . Nedan hittar du aktuella handlingar.<\/p>\n\n\n\n<div class=\"wp-block-file\"><a id=\"wp-block-file--media-777d7060-a398-48a7-9d0b-2526348068aa\" href=\"https:\/\/vadetsvag.se\/wp-content\/uploads\/2026\/03\/Kallelse-2026.pdf\">Kallelse 2026<\/a><a href=\"https:\/\/vadetsvag.se\/wp-content\/uploads\/2026\/03\/Kallelse-2026.pdf\" class=\"wp-block-file__button wp-element-button\" download aria-describedby=\"wp-block-file--media-777d7060-a398-48a7-9d0b-2526348068aa\">Ladda ner<\/a><\/div>\n\n\n\n<div class=\"wp-block-file\"><a id=\"wp-block-file--media-0a100810-cd6a-42a6-80c1-acdb01935fe9\" href=\"https:\/\/vadetsvag.se\/wp-content\/uploads\/2026\/03\/Dagordning-2026.pdf\">Dagordning 2026<\/a><a href=\"https:\/\/vadetsvag.se\/wp-content\/uploads\/2026\/03\/Dagordning-2026.pdf\" class=\"wp-block-file__button wp-element-button\" download aria-describedby=\"wp-block-file--media-0a100810-cd6a-42a6-80c1-acdb01935fe9\">Ladda ner<\/a><\/div>\n\n\n\n<div class=\"wp-block-file\"><a id=\"wp-block-file--media-4741b4be-9e08-4632-a656-db4dd90f3757\" href=\"https:\/\/vadetsvag.se\/wp-content\/uploads\/2026\/03\/verksamhetsberattelse-2025-1.pdf\">verksamhetsber\u00e4ttelse 2025<\/a><a href=\"https:\/\/vadetsvag.se\/wp-content\/uploads\/2026\/03\/verksamhetsberattelse-2025-1.pdf\" class=\"wp-block-file__button wp-element-button\" download aria-describedby=\"wp-block-file--media-4741b4be-9e08-4632-a656-db4dd90f3757\">Ladda ner<\/a><\/div>\n\n\n\n<div class=\"wp-block-file\"><a id=\"wp-block-file--media-53f8944e-c845-4a35-9231-22c9aefa4c35\" href=\"https:\/\/vadetsvag.se\/wp-content\/uploads\/2026\/03\/Information-valberedning-2026.pdf\">Information valberedning 2026<\/a><a href=\"https:\/\/vadetsvag.se\/wp-content\/uploads\/2026\/03\/Information-valberedning-2026.pdf\" class=\"wp-block-file__button wp-element-button\" download aria-describedby=\"wp-block-file--media-53f8944e-c845-4a35-9231-22c9aefa4c35\">Ladda ner<\/a><\/div>\n<\/div>\n<\/div>\n\n\n\n<hr class=\"wp-block-separator has-alpha-channel-opacity is-style-wide\"\/>\n\n\n\n<div class=\"wp-block-columns is-layout-flex wp-container-core-columns-is-layout-28f84493 wp-block-columns-is-layout-flex\">\n<div class=\"wp-block-column is-layout-flow wp-block-column-is-layout-flow\">\n<h2 class=\"wp-block-heading has-text-align-left\" style=\"border-style:none;border-width:0px;margin-top:0;margin-right:0;margin-bottom:0;margin-left:0;padding-right:0;padding-left:0\">V\u00e4garbete p\u00e5 Lind\u00e5sens v\u00e4g<\/h2>\n<\/div>\n\n\n\n<div class=\"wp-block-column is-vertically-aligned-stretch is-layout-flow wp-block-column-is-layout-flow\">\n<p class=\"has-text-align-right\">2025-11-25<br><\/p>\n<\/div>\n<\/div>\n\n\n\n<p>Fr\u00e5n onsdag 26\/11 till och med 28\/11, utf\u00f6rs arbete p\u00e5 Lind\u00e5sens v\u00e4g.<br><br>V\u00e4gen kommer d\u00e4rf\u00f6r att vara avst\u00e4ngd periodvis under dessa dagar. Sedan en tid tillbaka har f\u00f6rbipasserande ocks\u00e5 informerats om detta.<\/p>\n\n\n\n<hr class=\"wp-block-separator has-alpha-channel-opacity is-style-wide\"\/>\n\n\n\n<div class=\"wp-block-columns is-layout-flex wp-container-core-columns-is-layout-28f84493 wp-block-columns-is-layout-flex\">\n<div class=\"wp-block-column is-layout-flow wp-block-column-is-layout-flow\">\n<h2 class=\"wp-block-heading\">\u00c5rsst\u00e4mma 2025<\/h2>\n<\/div>\n\n\n\n<div class=\"wp-block-column is-layout-flow wp-block-column-is-layout-flow\">\n<p class=\"has-text-align-right\">2025-04-06<\/p>\n<\/div>\n<\/div>\n\n\n\n<p>\u00c5rets st\u00e4mma h\u00e5lls onsdag 23 april, kl 18:00 i H\u00e4llingsj\u00f6 hus lokaler. Nedan hittar du aktuella handlingar.<\/p>\n\n\n\n<div class=\"wp-block-file\"><a id=\"wp-block-file--media-548213b5-fc2d-49f7-8109-6bdec120688b\" href=\"https:\/\/vadetsvag.se\/wp-content\/uploads\/2025\/04\/Kallelse-2025.pdf\">Kallelse 2025<\/a><a href=\"https:\/\/vadetsvag.se\/wp-content\/uploads\/2025\/04\/Kallelse-2025.pdf\" class=\"wp-block-file__button wp-element-button\" download aria-describedby=\"wp-block-file--media-548213b5-fc2d-49f7-8109-6bdec120688b\">Ladda ner<\/a><\/div>\n\n\n\n<div class=\"wp-block-file\"><a id=\"wp-block-file--media-24ad00b9-4534-4f40-ba40-7babd10bdcf4\" href=\"https:\/\/vadetsvag.se\/wp-content\/uploads\/2025\/04\/Dagordning-2025.pdf\">Dagordning 2025<\/a><a href=\"https:\/\/vadetsvag.se\/wp-content\/uploads\/2025\/04\/Dagordning-2025.pdf\" class=\"wp-block-file__button wp-element-button\" download aria-describedby=\"wp-block-file--media-24ad00b9-4534-4f40-ba40-7babd10bdcf4\">Ladda ner<\/a><\/div>\n\n\n\n<div class=\"wp-block-file\"><a id=\"wp-block-file--media-2daafb20-9d69-4c37-86c8-9d873c49b194\" href=\"https:\/\/vadetsvag.se\/wp-content\/uploads\/2025\/04\/Information-valberedning.pdf\">Information valberedning<\/a><a href=\"https:\/\/vadetsvag.se\/wp-content\/uploads\/2025\/04\/Information-valberedning.pdf\" class=\"wp-block-file__button wp-element-button\" download aria-describedby=\"wp-block-file--media-2daafb20-9d69-4c37-86c8-9d873c49b194\">Ladda ner<\/a><\/div>\n\n\n\n<div class=\"wp-block-file\"><a id=\"wp-block-file--media-b222d689-2c1a-4725-aec6-9f094175a137\" href=\"https:\/\/vadetsvag.se\/wp-content\/uploads\/2025\/04\/Verksamhetsberattelse.pdf\">Verksamhetsber\u00e4ttelse<\/a><a href=\"https:\/\/vadetsvag.se\/wp-content\/uploads\/2025\/04\/Verksamhetsberattelse.pdf\" class=\"wp-block-file__button wp-element-button\" download aria-describedby=\"wp-block-file--media-b222d689-2c1a-4725-aec6-9f094175a137\">Ladda ner<\/a><\/div>\n\n\n\n<p>Styrelsen har en motion till \u00e5rsst\u00e4mman g\u00e4llande uppdatering av stadgarna till moderna normalstadgar. Motionen inklusive bilaga finns i filen nedan. F\u00f6r att se nuvarande stadgar samt i motionen f\u00f6reslagna stadgar i sin helhet, se dessa dokument under menyn &#8221;<a href=\"https:\/\/vadetsvag.se\/?page_id=25\" data-type=\"link\" data-id=\"https:\/\/vadetsvag.se\/?page_id=25\" target=\"_blank\" rel=\"noreferrer noopener\">Stadgar<\/a>&#8221; (l\u00e4nk).<\/p>\n\n\n\n<div class=\"wp-block-file\"><a id=\"wp-block-file--media-e5400dc1-a92c-475f-9711-1bfc52ad2bc3\" href=\"https:\/\/vadetsvag.se\/wp-content\/uploads\/2025\/04\/Motion-Stadgar-inkl.-bilaga-2025.pdf\">Motion Stadgar inkl. bilaga 2025<\/a><a href=\"https:\/\/vadetsvag.se\/wp-content\/uploads\/2025\/04\/Motion-Stadgar-inkl.-bilaga-2025.pdf\" class=\"wp-block-file__button wp-element-button\" download aria-describedby=\"wp-block-file--media-e5400dc1-a92c-475f-9711-1bfc52ad2bc3\">Ladda ner<\/a><\/div>\n\n\n\n<hr class=\"wp-block-separator has-alpha-channel-opacity is-style-wide\"\/>\n\n\n\n<div class=\"wp-block-columns is-layout-flex wp-container-core-columns-is-layout-28f84493 wp-block-columns-is-layout-flex\">\n<div class=\"wp-block-column is-layout-flow wp-block-column-is-layout-flow\">\n<h2 class=\"wp-block-heading has-text-align-left\" style=\"border-style:none;border-width:0px;margin-top:0;margin-right:0;margin-bottom:0;margin-left:0;padding-right:0;padding-left:0\">Byte av befintliga luftledningar<\/h2>\n<\/div>\n\n\n\n<div class=\"wp-block-column is-vertically-aligned-stretch is-layout-flow wp-block-column-is-layout-flow\">\n<p class=\"has-text-align-right\">2025-03-10<\/p>\n<\/div>\n<\/div>\n\n\n\n<p><strong>Avtal att anl\u00e4gga och bibeh\u00e5lla elektrisk ledning i enskild v\u00e4g<\/strong><br>Vattenfall kommer att byta ut befintliga luftledningar i omr\u00e5det mot nedgr\u00e4vda ledningar. I samband med detta arbete kommer ocks\u00e5 en del transformatorstationer att ers\u00e4ttas eller flyttas.<br><br>Vadets Samf\u00e4llighetsf\u00f6rening har ing\u00e5tt avtal med Vattenfall om att l\u00e4gga ner elkablar l\u00e4ngs, och i<br>f\u00f6rekommande fall under, v\u00e4gen enligt bifogad karta.<br><br>Arbetet ber\u00e4knas starta efter semestern 2025 och p\u00e5g\u00e5 under sommaren\/h\u00f6sten. Avtalet l\u00f6per dock t.o.m. 2026-12-20 s\u00e5 om f\u00f6rseningar uppst\u00e5r kan arbetet \u00e5terupptas v\u00e5ren\/sommaren 2026.<br><br>Arbetet ska inte blockera v\u00e4gen men i de fall ledningen dras under v\u00e4gen kommer kortare avbrott<br>f\u00f6r gr\u00e4vning f\u00f6rekomma. S\u00e5 fort vi vet mer kommer styrelsen informera h\u00e4r, och p\u00e5 anslagstavlorna vid Hagenv\u00e4gen och Lind\u00e5sens v\u00e4g.<br><br>Vattenfall ansvarar f\u00f6r att \u00e5terst\u00e4lla v\u00e4gen efter utf\u00f6rt arbete.<br><\/p>\n\n\n\n<figure class=\"wp-block-image size-large\"><img loading=\"lazy\" decoding=\"async\" width=\"674\" height=\"1024\" src=\"https:\/\/vadetsvag.se\/wp-content\/uploads\/2025\/03\/Vattenfall_2-674x1024.jpg\" alt=\"\" class=\"wp-image-95\" srcset=\"https:\/\/vadetsvag.se\/wp-content\/uploads\/2025\/03\/Vattenfall_2-674x1024.jpg 674w, https:\/\/vadetsvag.se\/wp-content\/uploads\/2025\/03\/Vattenfall_2-197x300.jpg 197w, https:\/\/vadetsvag.se\/wp-content\/uploads\/2025\/03\/Vattenfall_2-768x1167.jpg 768w, https:\/\/vadetsvag.se\/wp-content\/uploads\/2025\/03\/Vattenfall_2-1011x1536.jpg 1011w, https:\/\/vadetsvag.se\/wp-content\/uploads\/2025\/03\/Vattenfall_2.jpg 1200w\" sizes=\"auto, (max-width: 674px) 100vw, 674px\" \/><\/figure>\n\n\n\n<figure class=\"wp-block-image size-large\"><img loading=\"lazy\" decoding=\"async\" width=\"1024\" height=\"756\" src=\"https:\/\/vadetsvag.se\/wp-content\/uploads\/2025\/03\/Vattenfall_1-1024x756.jpg\" alt=\"\" class=\"wp-image-96\" srcset=\"https:\/\/vadetsvag.se\/wp-content\/uploads\/2025\/03\/Vattenfall_1-1024x756.jpg 1024w, https:\/\/vadetsvag.se\/wp-content\/uploads\/2025\/03\/Vattenfall_1-300x222.jpg 300w, https:\/\/vadetsvag.se\/wp-content\/uploads\/2025\/03\/Vattenfall_1-768x567.jpg 768w, https:\/\/vadetsvag.se\/wp-content\/uploads\/2025\/03\/Vattenfall_1.jpg 1200w\" sizes=\"auto, (max-width: 1024px) 100vw, 1024px\" \/><\/figure>\n\n\n\n<hr class=\"wp-block-separator has-alpha-channel-opacity is-style-wide\"\/>\n\n\n\n<div class=\"wp-block-columns is-layout-flex wp-container-core-columns-is-layout-28f84493 wp-block-columns-is-layout-flex\">\n<div class=\"wp-block-column is-layout-flow wp-block-column-is-layout-flow\">\n<h2 class=\"wp-block-heading\">Sn\u00f6k\u00e4ppar<\/h2>\n<\/div>\n\n\n\n<div class=\"wp-block-column is-layout-flow wp-block-column-is-layout-flow\">\n<p class=\"has-text-align-right\">2024-11-10<\/p>\n<\/div>\n<\/div>\n\n\n\n<p>Sn\u00f6k\u00e4ppar s\u00e4tts upp l\u00e4ngs med v\u00e4gen<\/p>\n\n\n\n<hr class=\"wp-block-separator has-alpha-channel-opacity is-style-wide\"\/>\n\n\n\n<p><\/p>\n","protected":false},"excerpt":{"rendered":"<p>\u00c5rsst\u00e4mma 2026 2026-03-27 \u00c5rets st\u00e4mma h\u00e5lls torsdag 16 april, kl 18:30 i H\u00e4llingsj\u00f6 hus lokaler vid v\u00e4gsk\u00e4let Hagev\u00e4gen\/Lind\u00e5sv\u00e4gen\/Katrineforsliden . Nedan hittar du aktuella handlingar. V\u00e4garbete p\u00e5 Lind\u00e5sens v\u00e4g 2025-11-25 Fr\u00e5n onsdag 26\/11 till och med 28\/11, utf\u00f6rs arbete p\u00e5 Lind\u00e5sens v\u00e4g. V\u00e4gen kommer d\u00e4rf\u00f6r att vara avst\u00e4ngd periodvis under dessa dagar. Sedan en tid tillbaka [&hellip;]<\/p>\n","protected":false},"author":1,"featured_media":0,"parent":0,"menu_order":0,"comment_status":"closed","ping_status":"closed","template":"","meta":{"footnotes":""},"class_list":["post-27","page","type-page","status-publish","hentry"],"_links":{"self":[{"href":"https:\/\/vadetsvag.se\/index.php?rest_route=\/wp\/v2\/pages\/27","targetHints":{"allow":["GET"]}}],"collection":[{"href":"https:\/\/vadetsvag.se\/index.php?rest_route=\/wp\/v2\/pages"}],"about":[{"href":"https:\/\/vadetsvag.se\/index.php?rest_route=\/wp\/v2\/types\/page"}],"author":[{"embeddable":true,"href":"https:\/\/vadetsvag.se\/index.php?rest_route=\/wp\/v2\/users\/1"}],"replies":[{"embeddable":true,"href":"https:\/\/vadetsvag.se\/index.php?rest_route=%2Fwp%2Fv2%2Fcomments&post=27"}],"version-history":[{"count":16,"href":"https:\/\/vadetsvag.se\/index.php?rest_route=\/wp\/v2\/pages\/27\/revisions"}],"predecessor-version":[{"id":155,"href":"https:\/\/vadetsvag.se\/index.php?rest_route=\/wp\/v2\/pages\/27\/revisions\/155"}],"wp:attachment":[{"href":"https:\/\/vadetsvag.se\/index.php?rest_route=%2Fwp%2Fv2%2Fmedia&parent=27"}],"curies":[{"name":"wp","href":"https:\/\/api.w.org\/{rel}","templated":true}]}}